{"id":28,"date":"2012-01-12T18:19:28","date_gmt":"2012-01-12T18:19:28","guid":{"rendered":"http:\/\/caritasavolainen.com\/?page_id=28"},"modified":"2014-06-04T16:56:48","modified_gmt":"2014-06-04T16:56:48","slug":"a-sa-place","status":"publish","type":"page","link":"http:\/\/caritasavolainen.com\/?page_id=28","title":{"rendered":"<!--:en-->. . . A SA PLACE<!--:--><!--:fr-->. . . A SA PLACE<!--:--><!--:fi-->. . . A SA PLACE<!--:-->"},"content":{"rendered":"<p><!--:en-->The association was founded in June of 1996, in the South of France, in Roquebrun, between Montpellier and Narbonne.<\/p>\n<p>Since then it has set up several events.<\/p>\n<p>Its main goal is to create new relationship between the public at large and the diverse languages of contemporary visual arts.<\/p>\n<p>To achieve this, it organizes exhibitions, installations, \u2026 open to the public and its questioning.<\/p>\n<p>It tends to set up didactic activities enabling people to discover art works, get familiar with critical language and practice studio work.<\/p>\n<p>Furthermore, the association takes part in arranging exchanges between French and foreign artists, and therefore between different publics.<\/p>\n<p>Carita Savolainen<\/p>\n<p>. . . A SA PLACE \u2013 Art contemporain<br \/>\nSi\u00e8ge : Rue de la Chapelle 34 460 Roquebrun \u2013 T\u00e9l : 04 67 89 72 40<br \/>\nAssociation r\u00e9gie par la loi de 1901<!--:--><!--:fr-->L\u2019association a \u00e9t\u00e9 cr\u00e9\u00e9e en juin 1996, dans le midi de la France, au nord de l\u2019axe Montpellier-Narbonne, \u00e0 Roquebrun.<\/p>\n<p>Elle a depuis mis en place de nombreux manifestations.<\/p>\n<p>Son principal objectif est de fonder de nouveaux rapports entre le public en g\u00e9n\u00e9ral et la diversit\u00e9 de la cr\u00e9ation artistique plastique contemporaine.<\/p>\n<p>A cette fin, l\u2019association organise des expositions, installations, interventions\u2026, ouvertes au public et \u00e0 son questionnement.<\/p>\n<p>Elle tend \u00e0 mettre en place des actions p\u00e9dagogiques relatives \u00e0 la d\u00e9couverte, la critique et la pratique, lors de manifestations ext\u00e9rieures et de la mise en place d\u2019ateliers.<\/p>\n<p>Enfin, elle participe \u00e0 des \u00e9changes entre plasticiens fran\u00e7ais et \u00e9trangers, par les manifestations propos\u00e9es, et par cons\u00e9quent \u00e0 \u00e9tablir une communication entre diff\u00e9rents publics.<\/p>\n<p>Carita Savolainen<\/p>\n<p>. . . A SA PLACE \u2013 Art contemporain<br \/>\nSi\u00e8ge\u00a0: Rue de la Chapelle, 34 460 Roquebrun \u2013 T\u00e9l.\u00a0: 04 67 89 72 40<br \/>\nAssociation r\u00e9gie par la loi de 1901<!--:--><!--:fi-->The association was founded in June of 1996, in the South of France, in Roquebrun, between Montpellier and Narbonne.<\/p>\n<p>Since then it has set up several events.<\/p>\n<p>Its main goal is to create new relationship between the public at large and the diverse languages of contemporary visual arts.<\/p>\n<p>To achieve this, it organizes exhibitions, installations, \u2026 open to the public and its questioning.<\/p>\n<p>It tends to set up didactic activities enabling people to discover art works, get familiar with critical language and practice studio work.<\/p>\n<p>Furthermore, the association takes part in arranging exchanges between French and foreign artists, and therefore between different publics.<br \/>\nCarita Savolainen<\/p>\n<p>. . . A SA PLACE \u2013 Art contemporain<br \/>\nSi\u00e8ge : Rue de la Chapelle 34 460 Roquebrun \u2013 T\u00e9l : 04 67 89 72 40<br \/>\nAssociation r\u00e9gie par la loi de 1901<!--:--><\/p>\n","protected":false},"excerpt":{"rendered":"<p>The association was founded in June of 1996, in the South of France, in Roquebrun, between Montpellier and Narbonne. Since then it has set up several events. Its main goal is to create new relationship between the public at large and the diverse languages of contemporary visual arts. To achieve this, it organizes exhibitions, installations, [&hellip;]<\/p>\n","protected":false},"author":1,"featured_media":0,"parent":10,"menu_order":0,"comment_status":"open","ping_status":"open","template":"","meta":{"ngg_post_thumbnail":0,"footnotes":""},"class_list":["post-28","page","type-page","status-publish","hentry"],"_links":{"self":[{"href":"http:\/\/caritasavolainen.com\/index.php?rest_route=\/wp\/v2\/pages\/28","targetHints":{"allow":["GET"]}}],"collection":[{"href":"http:\/\/caritasavolainen.com\/index.php?rest_route=\/wp\/v2\/pages"}],"about":[{"href":"http:\/\/caritasavolainen.com\/index.php?rest_route=\/wp\/v2\/types\/page"}],"author":[{"embeddable":true,"href":"http:\/\/caritasavolainen.com\/index.php?rest_route=\/wp\/v2\/users\/1"}],"replies":[{"embeddable":true,"href":"http:\/\/caritasavolainen.com\/index.php?rest_route=%2Fwp%2Fv2%2Fcomments&post=28"}],"version-history":[{"count":13,"href":"http:\/\/caritasavolainen.com\/index.php?rest_route=\/wp\/v2\/pages\/28\/revisions"}],"predecessor-version":[{"id":283,"href":"http:\/\/caritasavolainen.com\/index.php?rest_route=\/wp\/v2\/pages\/28\/revisions\/283"}],"up":[{"embeddable":true,"href":"http:\/\/caritasavolainen.com\/index.php?rest_route=\/wp\/v2\/pages\/10"}],"wp:attachment":[{"href":"http:\/\/caritasavolainen.com\/index.php?rest_route=%2Fwp%2Fv2%2Fmedia&parent=28"}],"curies":[{"name":"wp","href":"https:\/\/api.w.org\/{rel}","templated":true}]}}